= -v + 4. Let f be p(6). Is (3/(3/z))/f prime?
False
Suppose -k - k + 252 = 0. Let y = k + -89. Is y a prime number?
True
Let l = 764 + -293. Is l composite?
True
Let g(d) = -d**3 - 4*d**2 + 4*d + 1. Let i be g(-5). Let o be 1*2/(-2) + i. Suppose 0 = 2*b + o - 35. Is b composite?
True
Suppose -136 = -9*n + 143. Is n prime?
True
Let f = 1 + 70. Is f a prime number?
True
Is ((-12)/2)/((-10)/395) composite?
True
Let b = 398 - 177. Is b a composite number?
True
Let r = -863 - -1530. Is 4/6 - r/(-3) composite?
False
Suppose -2*t + 0 = -6. Suppose -t*j + 243 = -24. Is j a prime number?
True
Let k(q) = -16*q + 4. Let m be k(-5). Let v = 173 - m. Is v a composite number?
False
Let g = 1 - -3. Let f be (-4)/(-8) - 2/g. Suppose f = 4*u - 13 - 43. Is u a prime number?
False
Let x = 30 - -1. Is x composite?
False
Suppose -5*f = 2*k + 12, -3*f - 2*f = -5*k - 30. Let m(c) = -41*c - 6. Let l(g) = 2256*g + 329. Let v(n) = k*l(n) - 329*m(n). Is v(-1) a prime number?
True
Suppose -k = 4*k - 105. Let g(r) = 12*r + 2. Let u(t) = -48*t - 9. Let h(v) = k*g(v) + 5*u(v). Is h(2) prime?
False
Let n = -189 - -872. Is n composite?
False
Suppose 0*p - 5*p - 175 = 0. Let n = 68 + p. Is n a prime number?
False
Let y(d) = 21*d**2 - 2*d + 2. Let w be y(1). Suppose -377 = -2*v + w. Is v a composite number?
False
Suppose -i = -4*i + 42. Let q = -10 + i. Suppose -q*k + 215 = 3*m - 2*m, k = -4*m + 65. Is k composite?
False
Let w = 13 + -35. Let a = -19 - w. Is a a prime number?
True
Let y be 5*22*(-6)/(-15). Suppose -w = w - y. Is w composite?
True
Let u be -2 + -4 + 7 + 741. Suppose 4*d + 1208 = 4*g, 0 = 4*g + 3*d - 459 - u. Is g a composite number?
True
Suppose -5*g - 2*p + 4475 = 0, -g + 5*p = 571 - 1439. Is g a composite number?
True
Let v(w) = w - 5. Let k be v(9). Suppose -k*l + 451 - 107 = 0. Is l a prime number?
False
Let h = 46 - 33. Let x(d) = h*d + 1 - 18*d - 25*d. Is x(-1) prime?
True
Let l be -2 - (3/(-3) - 1). Let v = -2 - 0. Is (l + -2)/(v/15) a prime number?
False
Is 1143/4 + 3 - 2/(-8) a composite number?
True
Let s = -9 + 9. Suppose s = -x + 76 + 30. Is x a prime number?
False
Suppose 2*s = 657 + 521. Is s a prime number?
False
Let n be 1*(5 - -2) - 3. Let l be n + (-1 + 1 - 2). Suppose 2*o + 64 = l*z, -2*o = 2*z - 0*z - 72. Is z a composite number?
True
Is (-10665)/(-12) - 9/(-36) a prime number?
False
Suppose -4*i - i + 5*q = -36970, 4*i + 4*q - 29600 = 0. Is i prime?
False
Let t(v) = 2*v - 7. Suppose -10 = -3*k - 1. Suppose -28 = -k*w - w. Is t(w) prime?
True
Let x be 3*2 + 2/(-2). Suppose 5*z = -2*y + 55 + 50, z + 330 = x*y. Is y a composite number?
True
Suppose s - 3 = -1. Let o(m) = -2*m**3 - s*m**3 + 4 + 3*m**3. Is o(0) a prime number?
False
Let h = -1160 + 1628. Suppose -160 = -d + l - 0*l, 3*d + l = h. Is d composite?
False
Let t(m) be the second derivative of m**6/120 - m**5/60 + 59*m**3/6 + m**2 - 4*m. Let w(i) be the first derivative of t(i). Is w(0) a prime number?
True
Let f(k) = -k**3 - 4*k - 4*k**2 - 2*k + 0*k**3 - 3 - 5*k**2. Is f(-9) prime?
False
Let n be ((-10)/4)/((-2)/4). Suppose -n*i - 8 = -3*i, -3*y + 5*i = -119. Is (-6)/y - (-343)/11 composite?
False
Suppose 0 = -2*g - j + 1583, -j = 5*g - 4724 + 768. Is g composite?
True
Let d = -38 + -93. Let q = d - -196. Is q a prime number?
False
Let c = -3 + -39. Is (c/(-4))/(1/2) prime?
False
Suppose 0 = -5*r + 4*r - 4*m - 597, 5*r + 3080 = -m. Let l = 391 + r. Is 8/20 + l/(-10) a prime number?
True
Let h(c) = 16*c**2 + 3*c. Let o be h(4). Suppose o = 3*j + j. Is j a prime number?
True
Let b = 476 - 154. Is (-1 - 1)*b/(-4) a prime number?
False
Let g = -190 + 287. Suppose -2*f - 23 = -g. Is f a prime number?
True
Let g = -13 + 23. Is g/(-30) - 10/(-3) a composite number?
False
Suppose -3*a - 2*l = 4, 0 = 3*a - 4*l + 15 + 13. Let d be 485/45 - 6/(-27). Let k = a + d. Is k composite?
False
Let d(i) = i**2 + 8*i + 11. Is d(18) composite?
False
Let p be (-68)/(-16) - (-2)/(-8). Suppose -95 = i - 2*i - p*z, 2*i - 4*z - 178 = 0. Is i prime?
False
Suppose -4*q - 4 + 12 = 0. Is q/(((-18)/(-21))/3) prime?
True
Let c(y) = -y + 1. Let o be c(-3). Suppose -2*w = -3*h + 107, -2*w + 205 = h + o*h. Is h composite?
True
Suppose 2*j - 27 = 3*n - 5, -3*n + j - 20 = 0. Is (-1510)/n + (-4)/6 a prime number?
True
Suppose -32 + 4 = -2*a. Let v(i) = -9 + 3 - a*i + 15*i + i**2 + i**3. Is v(5) a prime number?
True
Let v = 120 - 63. Suppose 8 = -q + v. Is q composite?
True
Let n(v) = -2*v**3 - v**2 - 8*v. Let d be n(-6). Let u be d/16 + 1/4. Is 2 + 2 + -1 + u a composite number?
False
Suppose 2*g - 557 - 1796 = -5*r, 1881 = 4*r + 3*g. Is r prime?
False
Suppose 0 = -2*m - 5*f + 16, -2*m + m = f - 5. Suppose -m*p = p. Suppose p = -2*i + r + 128, 4*i + 3*r = 4*r + 258. Is i prime?
False
Let y(t) be the first derivative of 33*t**4 + t**3/3 + t**2/2 - t + 1. Is y(1) prime?
False
Is ((-16)/6 + 3)*267 prime?
True
Let i be (2 - 2) + (-8)/2. Let q = -57 - -107. Is (q/i)/(2/(-4)) a composite number?
True
Let k(v) = 19*v - 14. Let p(a) = -18*a + 13. Let g(m) = 6*k(m) + 7*p(m). Is g(-6) prime?
True
Suppose 4*b + 5*u - 4 = 0, 0 = 2*b - 2*u - 3*u - 32. Suppose 2*j - 1 = 5. Suppose j*h = 3*v - 36, b*v = 2*v + 5*h + 45. Is v a composite number?
True
Let y(a) = a**2 + 6*a + 3. Let q be y(-2). Let k(l) = -30*l + 6. Let p be k(q). Suppose 5*c - 89 - p = 0. Is c a composite number?
True
Let h = -315 - -442. Is h composite?
False
Suppose 2018 = -c + 3*c. Is c composite?
False
Let d(r) = 3. Let k(q) = -q**2 + q + 1. Let s(a) = d(a) - 3*k(a). Is s(2) prime?
False
Suppose -5*t + 5*u = -950, -3*t + 558 = -0*t + u. Suppose x = 5*i - 93 - t, 5*x = -5*i + 310. Is i a prime number?
False
Let m(o) = 11*o - 10. Is m(3) a composite number?
False
Let v(w) = -w**3 - 26*w**2 + 3*w + 1. Is v(-27) a composite number?
True
Let r be 28/154 - 48/22. Is ((-133)/(-38))/(r/(-44)) a composite number?
True
Let m(z) = 1 + 2*z - 5 - 3. Let r(o) = 2*o - 1. Let u be r(4). Is m(u) a composite number?
False
Is -3*(-2 + 157/(-3)) prime?
True
Let t(z) = -3*z + 7. Let x be (-3 + 2)*1*22. Let s be x/5 - 6/10. Is t(s) prime?
False
Let o(w) = -w + 8. Let g(t) = -2*t + 15. Let z(m) = 4*g(m) - 7*o(m). Let b be z(0). Is (2 - b)*14/(-4) composite?
False
Let a(r) = -4*r**2 + 7*r + 1. Let o be a(4). Is (-1110)/(-14) + 10/o a composite number?
False
Suppose -2*r + 38 = -80. Is r a prime number?
True
Let r be 8 - ((-3)/3 - -3). Suppose -r*m = -m - 5. Is (7*2)/(0 + m) a prime number?
False
Let j(t) = -23*t - 7. Let b(o) = -o**3 - 4*o**2 + 7*o + 4. Let a be b(-5). Is j(a) composite?
False
Let r(l) be the third derivative of -l**6/120 + 2*l**5/15 + l**4/24 + l**3/6 - 3*l**2. Is r(6) a composite number?
False
Let h(u) = 2*u**3 - 12*u**2 + 3*u**2 - 3*u**3. Let y be h(-9). Suppose y = p - 64 - 1. Is p prime?
False
Let k be (-24)/(-5) + (-2)/(-10). Let l(z) = -2*z + 7 + 2*z - z. Is l(k) a prime number?
True
Let v = 176 + -13. Is v composite?
False
Let l(s) = 129*s**2 - 4*s - 3. Let j be l(-2). Let r = j - 787. Is r/(-3) - (-4)/12 prime?
True
Let j = 9798 - 6781. Is j a prime number?
False
Suppose 227 + 450 = t + 2*c, 668 = t - c. Suppose o + t = -3*s + 6*s, -2*s = 5*o - 436. Is s composite?
False
Let z be -2*-1*(-2)/(-4). Let c(r) = 31*r**2. Is c(z) prime?
True
Suppose 0 = -5*q + 2*q + 1023. Is q prime?
False
Suppose 584 + 661 = 5*k + 4*r, -3*r = 5*k - 1250. Is k prime?
False
Suppose 0*n - 2*s = -5*n + 20, -5*s = -3*n - 7. Let x(m) = 2*m + 1. Let b be x(n). Let k = b - 6. Is k a prime number?
True
Suppose -3*c + 6 + 3 = 0. Suppose c*p = l + l - 283, 0 = 5*l - 4*p - 725. Is l prime?
True
Suppose 3 + 6 = c + 5*u, -2*c + 3 = -5*u. Suppose p + 34 - 11 = c*i, 0 = 3*i + 4*p - 22. Is i prime?
False
Suppose -2*m + p - 1 = -14, 2*m - 3*p - 19 = 0. Suppose -4*i - 22 = -5*i. Suppose m*h - 93 = i. Is h composite?
False
Let j = 1858 + -1227. Is j a prime number?
True
Suppose -2*g = -p - 3*g + 908, 0 = 3*p + g - 2722. Is p a composite number?
False
Let n(u) be the third derivative of -5*u**4/24 - u**3 - 27*u**2 + u. Suppose 0 = s + 2, -3*g - 4*s - 23 = -0*g. Is n(g) a prime number?
True
Let l(z) be the second derivative of 0 + 0*z**2 - 2*z - 37/6*z**3. Is l(-1) a composite number?
False
Suppose -2*h = -p - 2*p - 830, -4*h = 5*p - 1616. Let x = h - 282. Is x prime?
True
Let g(b) = -2*b + 4. Let h be g(8